{"id":157,"date":"2016-04-21T17:08:50","date_gmt":"2016-04-21T14:08:50","guid":{"rendered":"http:\/\/www.viestikiltojenliitto.fi\/?page_id=157"},"modified":"2016-04-21T17:13:15","modified_gmt":"2016-04-21T14:13:15","slug":"museotoiminta","status":"publish","type":"page","link":"https:\/\/www.viestikiltojenliitto.fi\/?page_id=157","title":{"rendered":"Museotoiminta"},"content":{"rendered":"<p>Er\u00e4s Viestikiltojen Liiton keskeisist\u00e4 teht\u00e4vist\u00e4 on Museo Militarian toiminnan kehitt\u00e4minen yhdess\u00e4 Tykkimiehet Ry:n ja Suomen Pioneeriaselaji Liitto Ry:n kanssa Suomen Tykist\u00f6-, Pioneeri- ja Viestimuseoyhdistyksen puitteissa.<\/p>\n<p>Riihim\u00e4en varuskunnassa vuosina 1974-2012 toimineen Viestimuseon n\u00e4yttelyt siirtyiv\u00e4t 1.1.2013 H\u00e4meenlinnaan osaksi Tykist\u00f6-, Pioneeri- ja Viestimuseota. Museotoimintaa ohjaa Suomen Tykist\u00f6-, Pioneeri- ja Viestimuseoyhdistys Ry, jonka hallituksessa ovat edustettuina Tykkimiehet Ry, Pioneeriaselajin Liitto Ry ja Viestikiltojen Liitto Ry.<\/p>\n<p>Suomen Tykist\u00f6-, Pioneeri- ja Viestimuseo eli Museo Militaria toimii H\u00e4meenlinnan linnankasarmilla, jossa esill\u00e4 on perusn\u00e4yttelyn lis\u00e4ksi vaihtuvia n\u00e4yttelyit\u00e4. N\u00e4yttelytoiminnan lis\u00e4ksi museo toteuttaa aihepiiriins\u00e4 lliittyv\u00e4\u00e4 tutkimusta ja tarjoaa tietopalveluja sek\u00e4 j\u00e4rjest\u00e4\u00e4 tapahtumia.<\/p>\n<p>Tarkempaa tietoa Museo Militarian toiminnasta ja palveluista sek\u00e4 ajnkohtaisista tapahtumista l\u00f6ytyy museon omilta <a href=\"http:\/\/www.museomilitaria.fi\/\">kotisivuilta<\/a> ja <a href=\"https:\/\/www.facebook.com\/Museo-Militaria-Suomen-Tykist%C3%B6-Pioneeri-ja-Viestimuseo-10150111742560311\/\">Facebook-sivuilta<\/a>.<\/p>\n<p>K\u00e4ynti- ja postiosoite:<br \/>\nMuseo Militaria<br \/>\nVanhankaupunginkatu 19<br \/>\n13100 H\u00e4meenlinna<br \/>\nPuh. 03-682 4600<br \/>\ntoimisto \u00e4t museomilitaria.fi<br \/>\nasiakaspalvelu \u00e4t museomilitaria.fi<\/p>\n<p><a href=\"https:\/\/www.google.fi\/maps\/place\/Museo+Militaria\/@61.0016023,24.4535495,15z\/data=!4m2!3m1!1s0x468e5dbf1356d52b:0xb8bdd7640327bd5d?hl=fi\"><img loading=\"lazy\" decoding=\"async\" class=\"alignnone  wp-image-159\" src=\"http:\/\/www.viestikiltojenliitto.fi\/wp-content\/uploads\/KARTTA_MILITARIA_2014-300x231.jpg\" alt=\"KARTTA_MILITARIA_2014\" width=\"423\" height=\"326\" srcset=\"https:\/\/www.viestikiltojenliitto.fi\/wp-content\/uploads\/KARTTA_MILITARIA_2014-300x231.jpg 300w, https:\/\/www.viestikiltojenliitto.fi\/wp-content\/uploads\/KARTTA_MILITARIA_2014-768x592.jpg 768w, https:\/\/www.viestikiltojenliitto.fi\/wp-content\/uploads\/KARTTA_MILITARIA_2014.jpg 878w\" sizes=\"auto, (max-width: 423px) 100vw, 423px\" \/><\/a><\/p>\n<p>In english<\/p>\n<p>The Artillery, Engineers and Signals Museum &#8221;Museo Militaria&#8221;<\/p>\n<p>The exhibitions and collections of the National Signals Museum were transferred to the Artillery, Engineers and Signals Museum Museo Militaria which was founded in 2013.<\/p>\n<p>Museo Militaria is a war history museum showcasing the history of Finnish artillery, engineering and signalling from the Middle Ages to modern times. It is located in the city of H\u00e4meenlinna.<\/p>\n<p>Kindly visit <a href=\"http:\/\/www.museomilitaria.fi\/\">www.museomilitaria.fi<\/a> or <a href=\"https:\/\/www.facebook.com\/Museo-Militaria-Suomen-Tykist%C3%B6-Pioneeri-ja-Viestimuseo-10150111742560311\/\">www.facebook.com<\/a> for further information on exhibitions, opening hours, tickets etc.<\/p>\n<p>Contact details:<br \/>\nMuseo Militaria<br \/>\nAddress: Vanhankaupunginkatu 19, 13100 H\u00e4meenlinna<br \/>\nTelephone +35836824600<br \/>\nEmail:<br \/>\ntoimisto at museomilitaria.fi<br \/>\nasiakaspalvelu at museomilitaria.fi<\/p>\n","protected":false},"excerpt":{"rendered":"<p>Er\u00e4s Viestikiltojen Liiton keskeisist\u00e4 teht\u00e4vist\u00e4 on Museo Militarian toiminnan kehitt\u00e4minen yhdess\u00e4 Tykkimiehet Ry:n ja Suomen Pioneeriaselaji Liitto Ry:n kanssa Suomen Tykist\u00f6-, Pioneeri- ja Viestimuseoyhdistyksen puitteissa. Riihim\u00e4en varuskunnassa vuosina 1974-2012 toimineen Viestimuseon n\u00e4yttelyt siirtyiv\u00e4t 1.1.2013 H\u00e4meenlinnaan osaksi Tykist\u00f6-, Pioneeri- ja Viestimuseota. Museotoimintaa ohjaa Suomen Tykist\u00f6-, Pioneeri- ja Viestimuseoyhdistys Ry, jonka hallituksessa ovat edustettuina Tykkimiehet Ry, Pioneeriaselajin [&hellip;]<\/p>\n","protected":false},"author":1,"featured_media":0,"parent":0,"menu_order":0,"comment_status":"closed","ping_status":"closed","template":"","meta":{"footnotes":""},"class_list":["post-157","page","type-page","status-publish","hentry"],"_links":{"self":[{"href":"https:\/\/www.viestikiltojenliitto.fi\/index.php?rest_route=\/wp\/v2\/pages\/157","targetHints":{"allow":["GET"]}}],"collection":[{"href":"https:\/\/www.viestikiltojenliitto.fi\/index.php?rest_route=\/wp\/v2\/pages"}],"about":[{"href":"https:\/\/www.viestikiltojenliitto.fi\/index.php?rest_route=\/wp\/v2\/types\/page"}],"author":[{"embeddable":true,"href":"https:\/\/www.viestikiltojenliitto.fi\/index.php?rest_route=\/wp\/v2\/users\/1"}],"replies":[{"embeddable":true,"href":"https:\/\/www.viestikiltojenliitto.fi\/index.php?rest_route=%2Fwp%2Fv2%2Fcomments&post=157"}],"version-history":[{"count":4,"href":"https:\/\/www.viestikiltojenliitto.fi\/index.php?rest_route=\/wp\/v2\/pages\/157\/revisions"}],"predecessor-version":[{"id":163,"href":"https:\/\/www.viestikiltojenliitto.fi\/index.php?rest_route=\/wp\/v2\/pages\/157\/revisions\/163"}],"wp:attachment":[{"href":"https:\/\/www.viestikiltojenliitto.fi\/index.php?rest_route=%2Fwp%2Fv2%2Fmedia&parent=157"}],"curies":[{"name":"wp","href":"https:\/\/api.w.org\/{rel}","templated":true}]}}